site?
True
Is 19394 prime?
False
Is 3511 prime?
True
Is 1081 a composite number?
True
Is 636719 a prime number?
True
Is 200701 composite?
True
Is 26819 composite?
True
Is 18397 a composite number?
False
Is 12895 composite?
True
Is 49963 a prime number?
False
Is 1406417 prime?
True
Is 30779 composite?
True
Is 43391 a composite number?
False
Is 1529585 prime?
False
Is 927211 a composite number?
True
Is 5880421 prime?
False
Is 15659 a prime number?
False
Is 83209 composite?
True
Is 3386 a prime number?
False
Is 13379 a composite number?
True
Is 552907 composite?
True
Is 1248691 a prime number?
True
Is 46195 composite?
True
Is 128339 composite?
False
Is 12479 a prime number?
True
Is 300851 composite?
False
Is 45407 composite?
True
Is 1499 a composite number?
False
Is 151583 a prime number?
False
Is 545257 a prime number?
True
Is 1067 prime?
False
Is 24117 composite?
True
Is 1259 a composite number?
False
Is 32489 composite?
True
Is 208019 a composite number?
True
Is 11677 prime?
True
Is 390911 composite?
True
Is 1108957 a prime number?
True
Is 151511 a composite number?
True
Is 2450803 composite?
True
Is 9357 composite?
True
Is 92405 a prime number?
False
Is 6989 prime?
False
Is 1461047 composite?
True
Is 303817 prime?
True
Is 3037 composite?
False
Is 1489627 a prime number?
True
Is 97721 a prime number?
False
Is 22199 prime?
False
Is 767171 a composite number?
True
Is 356549 a composite number?
False
Is 7817 a composite number?
False
Is 23299 prime?
False
Is 464447 composite?
False
Is 87359 a prime number?
True
Is 33287 composite?
False
Is 78401 a composite number?
False
Is 130589 composite?
False
Is 145853 a composite number?
True
Is 23423 a prime number?
False
Is 23459 a composite number?
False
Is 9041 prime?
True
Is 10753 prime?
True
Is 9151 a composite number?
False
Is 303877 a prime number?
False
Is 782927 a prime number?
False
Is 138559 prime?
True
Is 15893 prime?
False
Is 3593 composite?
False
Is 95223 composite?
True
Is 73913 a prime number?
False
Is 10061 composite?
False
Is 12097 prime?
True
Is 910199 composite?
False
Is 10763 a composite number?
True
Is 74255 a composite number?
True
Is 17801 prime?
False
Is 39253 composite?
True
Is 91659 a prime number?
False
Is 42277 composite?
True
Is 235321 composite?
True
Is 464699 a composite number?
False
Is 34291 a composite number?
True
Is 39143 composite?
True
Is 11435 a composite number?
True
Is 25649 composite?
True
Is 1101071 a prime number?
True
Is 495221 a prime number?
True
Is 3935 composite?
True
Is 23167 a composite number?
False
Is 6385 a prime number?
False
Is 8031 composite?
True
Is 587 a prime number?
True
Is 1295927 a composite number?
True
Is 54143 composite?
True
Is 7433 a composite number?
False
Is 6613 composite?
True
Is 170921 a prime number?
True
Is 64411 a composite number?
True
Is 22109 composite?
False
Is 294659 a prime number?
True
Is 37385 prime?
False
Is 5501 a composite number?
False
Is 31957 a prime number?
True
Is 112121 a prime number?
True
Is 2587899 a prime number?
False
Is 2999 prime?
True
Is 87319 a prime number?
False
Is 24347 a prime number?
False
Is 328511 composite?
False
Is 457567 prime?
False
Is 533217 composite?
True
Is 374926 prime?
False
Is 57895 a prime number?
False
Is 16202 a prime number?
False
Is 4911355 a prime number?
False
Is 20471 composite?
True
Is 860579 composite?
False
Is 625697 prime?
True
Is 86287 a prime number?
True
Is 40099 a prime number?
True
Is 227131 a composite number?
False
Is 5221 a composite number?
True
Is 138002 prime?
False
Is 2498 prime?
False
Is 431047 a prime number?
True
Is 41703 a composite number?
True
Is 63005 composite?
True
Is 1267151 a prime number?
True
Is 557 a prime number?
True
Is 21467 prime?
True
Is 689 composite?
True
Is 3119 composite?
False
Is 154667 prime?
True
Is 2443 prime?
False
Is 599421 composite?
True
Is 188749 a composite number?
True
Is 63743 prime?
True
Is 89747 a composite number?
True
Is 17519 prime?
True
Is 146273 a prime number?
True
Is 799 a prime number?
False
Is 9179 a composite number?
True
Is 242773 a prime number?
True
Is 24098 a composite number?
True
Is 202145 a prime number?
False
Is 41461 composite?
True
Is 1177 prime?
False
Is 3261 composite?
True
Is 63659 a prime number?
True
Is 24991 prime?
False
Is 6029 a composite number?
False
Is 80635 prime?
False
Is 36681 prime?
False
Is 20602 a prime number?
False
Is 23038 a prime number?
False
Is 156781 prime?
True
Is 7349 composite?
False
Is 2893 prime?
False
Is 13397 a composite number?
False
Is 2819 a prime number?
True
Is 50767 prime?
True
Is 111091 composite?
False
Is 109 a composite number?
False
Is 6937 composite?
True
Is 3239 prime?
False
Is 366193 prime?
True
Is 4643 a composite number?
False
Is 515245 a composite number?
True
Is 451277 composite?
False
Is 148439 a composite number?
False
Is 18989 a prime number?
False
Is 57718 prime?
False
Is 221653 a prime number?
True
Is 2061013 composite?
False
Is 20399 a composite number?
False
Is 22907 composite?
False
Is 443 prime?
True
Is 31957 a prime number?
True
Is 160709 a prime number?
True
Is 411 a prime number?
False
Is 106159 a prime number?
False
Is 75265 a composite number?
True
Is 69353 composite?
True
Is 14879 composite?
False
Is 119227 a prime number?
True
Is 1195543 a prime number?
True
Is 41119 composite?
True
Is 157819 a composite number?
True
Is 840341 a composite number?
False
Is 40343 a prime number?
True
Is 34433 a composite number?
True
Is 79301 a composite number?
False
Is 7901 composite?
False
Is 67801 composite?
False
Is 18751 composite?
True
Is 8779 a composite number?
False
Is 10231 a prime number?
False
Is 8011 a composite number?
False
Is 65243 prime?
False
Is 21377 a composite number?
False
Is 80623 a prime number?
False
Is 879391 a prime number?
True
Is 215633 composite?
True
Is 2633 prime?
True
Is 768241 composite?
False
Is 226235 a composite number?
True
Is 135773 composite?
True
Is 484201 a prime number?
True
Is 7393 prime?
True
Is 121139 a composite number?
False
Is 32743 a composite number?
True
Is 70865 composite?
True
Is 23599 a prime number?
True
Is 242741 a prime number?
False
Is 797 a composite number?
False
Is 80561 composite?
True
Is 88115 a prime number?
False
Is 85037 a prime number?
True
Is 12289 a prime number?
True
Is 89 a prime number?
True
Is 29629 a composite number?
False
Is 1076783 a prime number?
False
Is 92669 composite?
False
Is 133141 a prime number?
False
Is 41333 a composite number?
False
Is 8263 composite?
False
Is 3305474 prime?
False
Is 363119 composite?
False
Is 23314 a prime number?
False
Is 179261 a prime number?
True
Is 11722 prime?
False
Is 98755 composite?
True
Is 16837 a composite number?
True
Is 44483 composite?
False
Is 15605 prime?
False
Is 145177 a prime number?
True
Is 52709 a prime number?
True
Is 1466723 a composite number?
True
Is 510695 a prime number?
False
Is 487731 prime?
False
Is 1754 a prime number?
False
Is 44686 composite?
True
Is 80219 prime?
False
Is 991735 a prime number?
False
Is 121421 prime?
True
Is 25979 prime?
False
Is 1476511 a prime number?
True
Is 8285 composite?
True
Is 521 composite?
False
Is 161189 prime?
False
Is 17943 a composite number?
True
Is 375467 prime?
True
Is 16057 prime?
True
Is 4201 a composite number?
False
Is 113422 a prime number?
False
Is 252085 a composite number?
True
Is 40226 prime?
False
Is 1465 a prime number?
False
Is 3065381 a composite number?
True
Is 1931 prime?
True
Is 26615 prime?
False
Is 13343 prime?
False
Is 165779 composite?
False
Is 916429 a prime number?
False
Is 29105 prime?
False
Is 69117 a composite number?
True
Is 1499659 a composite number?
True
Is 1713379 composite?
True
Is 125483 composite?
True
Is 183823 a composite number?
False
Is 113327 a prime number?
True
Is 146702 a composite number?
True
Is 75821 a prime number?
True
Is 67631 a prime number?
True
Is 86231 composite?
True
Is 3977 prime?
False
Is 517078 a composite number?
True
Is 52447 prime?
False
Is 16729 prime?
True
Is 2490519 prime?
False
Is 294379 composite?
True
Is 98881 a composite number?
True
Is 1630977 composite?
True
Is 1043077 a prime number?
False
Is 99646 prime?
False
Is 23861 a composite number?
True
Is 1753807 composite?
True
Is 10007 prime?
True
Is 414866 prime?
False
Is 36